+ 16. Let p be ((-5)/2)/(a/(-60)). Calculate the greatest common divisor of 5 and p.
5
Suppose 108 = 7*m + 2*m. Calculate the greatest common divisor of 12 and m.
12
Let j be (-2)/9 - 8/(-36). Suppose 2*g - 5*i = 41, 0*g + 3*g + 5*i + 1 = j. Let o be g/(-12) + (-34)/(-6). Calculate the highest common factor of o and 45.
5
Let k(m) = m**2 + 11*m + 4. Let j be k(12). What is the greatest common factor of 112 and j?
56
Let b = 1 - 1. Let w be 3 + (b - 2)/(-1). Suppose 2*m = -5*x + 5, -m - 6 = w*x - 1. Calculate the highest common factor of 10 and m.
10
Suppose 2*j - 6 - 4 = 0. Let n = j - 2. Suppose -n + 31 = i. Calculate the greatest common factor of i and 14.
14
Let o = -67 + 205. Suppose -4*n = 4*m - 96, 3*n = 5*m - n - o. Let b = m - 15. Calculate the highest common divisor of 55 and b.
11
Let i(t) = t - 16. Let w be i(0). Let z = 28 + w. What is the greatest common divisor of z and 12?
12
Let v(l) = -l**3 - 7*l**2 - 8*l - 5. Let b be v(-6). Calculate the highest common divisor of 35 and b.
7
Suppose -11*k + 311 = 47. Calculate the highest common factor of k and 6.
6
Let f be (-1 - -2)/(1/150). Let d = f - 90. Calculate the highest common factor of d and 40.
20
Suppose -98 = -o - 0*o. What is the highest common factor of 14 and o?
14
Suppose -5*a - 35 = 245. Let g = -1 - a. What is the greatest common factor of 22 and g?
11
Let k(x) = -x**3 - 6*x**2 - 2*x - 8. Let g be k(-6). Calculate the highest common divisor of g and 12.
4
Suppose 9*n = -2*n + 682. Calculate the highest common factor of 31 and n.
31
Let d = 7 - 4. Suppose 0 = -2*s + d*s - 7. Let i = s - 4. Calculate the greatest common divisor of i and 6.
3
Let l(c) = -c - 25. Let q be l(0). Let y = 45 + q. What is the greatest common factor of y and 4?
4
Suppose -o + 0*o = 3. Let i(v) = 3 + 8*v**2 + 4*v - 3*v + 0*v. Let s be i(o). Calculate the highest common factor of s and 9.
9
Suppose 49 = -5*d - 2*q, -3*d = 2*q + 2*q + 35. Let l be (-3)/(d/3)*24. What is the highest common factor of 120 and l?
24
Let x = 21 + -19. Suppose 2*u + 6 = 0, -3*u - 6 = -3*c + 12. Suppose -4*h + 38 = -c*h - x*g, 3*g - 123 = -3*h. Calculate the highest common divisor of 16 and h.
8
Suppose -5*f = -4*f - 30. Let r be ((-10)/25)/((-1)/f). Calculate the highest common divisor of r and 12.
12
Let y be (-1)/(1/23) + -1. Let v be 6/y + 18/8. Suppose -4*p - 2*c + 36 = -7*c, -50 = -3*p - 2*c. What is the highest common divisor of p and v?
2
Suppose -5*t = -0*t - 175. Let w be 3/(-2)*(-10)/3. Calculate the highest common factor of t and w.
5
Let y = -4 + 8. Suppose 6*b - 2*b + k = 53, -12 = 4*k. Suppose -5*z + b = -66. Calculate the greatest common divisor of y and z.
4
Suppose -4*c + 3*n = -115, 5*n + 0*n + 75 = 2*c. Let w = 32 + -27. Suppose 0*u + w*q + 60 = 5*u, c = 5*u + 2*q. Calculate the highest common factor of 49 and u.
7
Let i(s) = -39*s - 5. Let j be i(-5). Suppose 0 = m + m - j. What is the greatest common divisor of 19 and m?
19
Let j(a) = -a + 18. Let k be j(0). Let s be 4/18 - (-212)/k. Let f = 31 - s. What is the highest common divisor of f and 152?
19
Let a(q) = 11*q - 4. Let i be a(4). Let r be (-4)/(-6) + i/12. Let o = r + -1. Calculate the greatest common divisor of o and 12.
3
Suppose 6*c - 2*c - 360 = 0. Suppose -2*q + c = -0*q. Suppose -t + 6*t - q = 0. Calculate the highest common factor of 36 and t.
9
Suppose 3*f - 83 = o, -2*f + 0*f = 2*o - 42. Calculate the highest common factor of 65 and f.
13
Suppose 37 = 4*f + 5. Let v be 3/((-9)/(-192)) + 0. What is the highest common factor of f and v?
8
Let n be 1/((-1)/2) - 2. Let f = 5 + n. Suppose -4*y + 9 - f = 0. What is the highest common factor of y and 18?
2
Let g = 13 - 10. What is the greatest common divisor of g and 15?
3
Suppose -2*t = 2*p - 2, 2*p - 2*t = -t + 2. Suppose 3*x = 3, 2*n + 3*x - 4 - p = 0. Suppose 5*c - 2*c - 27 = 0. What is the highest common divisor of c and n?
1
Suppose 0 = -5*b - 0*b + 55. Calculate the highest common factor of b and 66.
11
Let v be 40/6*(1 + (-4)/(-8)). Calculate the greatest common factor of v and 25.
5
Let r = 8 + -4. Let j(v) = -v + 9. Let c be j(7). Suppose o = 2*q - 13, r*o = q - c*q + 2. What is the greatest common divisor of q and 42?
6
Suppose -266 - 558 = 4*a. Let j = a + 122. Let c = -30 - j. What is the greatest common divisor of c and 6?
6
Let r be 16/6*15/10 + 95. Calculate the greatest common factor of 9 and r.
9
Let s(p) = -8*p + 7. Let t be s(-6). Suppose 3*y + 4*w = 10, -y - 4*w = y. Let o be y/(-4)*2*-1. What is the highest common factor of t and o?
5
Let w(v) = -128*v. Let c be w(-1). Let f = 16 - 0. What is the highest common factor of c and f?
16
Let q = 15 + -11. Suppose -3*i + 14 = 2. Calculate the highest common factor of q and i.
4
Let t = 437 - 45. Suppose -3*i - i = -t. What is the highest common factor of 14 and i?
14
Let s be 9 - (-2 + (-2 - -4)). Let d = 113 - 41. What is the highest common factor of d and s?
9
Let b be 37/2 - (-1)/(-2). Calculate the greatest common factor of 90 and b.
18
Let j(z) = -4*z - 3. Let g be j(-3). Let b = 18 - g. Suppose -3*n = u - b, u + 6 = 3*u. Calculate the greatest common factor of 1 and n.
1
Let s(y) = 3*y + 21. Let k(h) = h + 10. Let b(t) = 13*k(t) - 6*s(t). Let n be b(-2). Suppose 5*m = 2*m + 105. Calculate the highest common divisor of n and m.
7
Let r be (-1)/4 + (-290)/(-8). Let a = -24 + r. Let y = 51 - 33. Calculate the highest common divisor of a and y.
6
Suppose -15 = -2*f - 3*u, 5*u = f - 0*f - 14. Calculate the greatest common divisor of 63 and f.
9
Let q(u) = -u + 17. Let v be q(11). Suppose 7*p = v*p + 18. Suppose 0*x + 90 = 5*x. What is the highest common divisor of x and p?
18
Suppose n - 5*n + 112 = 0. What is the greatest common factor of n and 70?
14
Let w = -19 - -25. What is the greatest common divisor of 9 and w?
3
Suppose -2*x - 3*i = x - 21, 5*x + 1 = 4*i. Let m = 3 - x. Let y be (-3 + m)*(0 - 22). What is the highest common divisor of y and 6?
6
Let h(a) = -a - 2. Let r be h(-4). Suppose -3 - 11 = -r*i - 3*u, 4*i - 6 = 5*u. Calculate the greatest common factor of 4 and i.
4
Let i = 0 - -4. Suppose i*c = -0*c + 12. What is the greatest common factor of 2 and c?
1
Suppose 141 - 491 = -5*l. Let o(y) = -y**2 + 7*y - 6. Let t be o(6). Suppose -3*k + k = t, -14 = -w + 2*k. What is the greatest common divisor of w and l?
14
Suppose 14*k - 80 = 9*k. Calculate the highest common factor of 20 and k.
4
Suppose l - 3 = -4*m, 2*m + 0*l = l + 9. Suppose -2*i - 3*n + 22 = 0, 0 = i - 0*i + m*n - 9. Let g = 41 - i. What is the greatest common divisor of g and 3?
3
Suppose -3 = -3*i + 3. Let z be (6/(-4))/(2/(-4)). Calculate the highest common factor of i and z.
1
Let x(w) = -5*w**3 + w**2 - 4. Let b be x(-2). Let r = b - 24. What is the greatest common factor of 8 and r?
8
Suppose -4*y - 104 = k - 6*k, -5*k + 3*y + 103 = 0. Let t = k + 25. What is the greatest common divisor of 18 and t?
9
Suppose -3*p + 101 = 2*l, -3*p = -2*p + 2*l - 31. Suppose -4*n - 3*t + 26 = n, 3*n + 5*t = 6. What is the highest common divisor of n and p?
7
Suppose -w + 3*l = -17, 0*w + 3*w - 51 = 3*l. Calculate the highest common divisor of 17 and w.
17
Let b be 30/4 + 2/4. Let j(f) = 3*f**2 + 3*f + 2. Let v be j(-1). Suppose -v*p = -5*l + 276, -p = p - 4. Calculate the greatest common divisor of l and b.
8
Suppose -s = -0*s. Suppose l - 4*m - 30 = s, 114 = 3*l - 3*m - m. What is the greatest common factor of 14 and l?
14
Let r be 8/(-3)*6/(-2). Let q = 14 + -12. Suppose -q*f + 37 = 13. Calculate the greatest common factor of f and r.
4
Let t(f) = -f**3 - 6*f**2 + 5*f - 9. Let m be t(-7). Calculate the greatest common divisor of 1 and m.
1
Suppose -3*a = -3*x - 9, -2*x - 6 = 4*a - 0. Let k(o) = -o**3 - 3*o**2 - 4*o - 4. Let h be k(x). What is the greatest common divisor of h and 72?
8
Let l = -31 + 37. What is the highest common divisor of l and 12?
6
Let b(q) = -q - 3. Let r be b(-3). Suppose 4*j - 165 + 21 = r. What is the highest common factor of 24 and j?
12
Let x be 1/6 - (-3 - 415/30). Suppose -565 = -3*q + v, 5*v = 5*q - 884 - 71. Calculate the highest common divisor of x and q.
17
Suppose -25*w + 24*w = -105. What is the greatest common divisor of w and 15?
15
Suppose -2 = n - 10. Let b be (-4)/(-6)*-3 - -8. Suppose f - b*f + 160 = 0. What is the gr